8 = i, i + 1 = 3. Suppose -5*v - 3*k + 10 = 0, -v = -a*v + 4*k + 35. Let q = 19 - v. What is the remainder when 25 is divided by q?
11
Let i(a) = -15*a - 68. Let c be i(-6). Suppose -93 = -v - c. What is the remainder when 281 is divided by v?
68
Suppose -k = -5*x + 29, -x - 3*k = 2 + 5. Suppose -x*a - 4*a + 207 = 0. What is the remainder when 52 is divided by a?
6
Let c be (-2 + 12*1)*(-128)/(-80). Suppose -9*q + c = -110. Calculate the remainder when 51 is divided by q.
9
Let i be 3/8 - 462/(-176). Suppose 0*v + 36 = i*v. Calculate the remainder when 102/3 - (-4)/(-2) is divided by v.
8
Let s = 4546 - 4496. Calculate the remainder when 228 is divided by s.
28
Let d(u) = 14*u - 119. Suppose 422 - 558 = -8*t. Calculate the remainder when d(t) is divided by 62.
57
Calculate the remainder when 39905/30 + 4/(-24)*(24 - 23) is divided by 12.
10
Suppose s = 5*i + 65, -2*i - 3*s = -s + 26. Let p(y) = -5*y - 2. Let o be p(i). Let v = o - 43. Calculate the remainder when 98 is divided by v.
18
Suppose -59*g + 49*g = -3950. Let y = g - 318. Calculate the remainder when y is divided by 10.
7
Suppose 0 = -4*f + f + 3. Suppose -225*i + 204*i = -126. Calculate the remainder when (f*-2)/((-4)/56) is divided by i.
4
Let k(t) = -t**2 + 40*t - 356. What is the remainder when 177 is divided by k(20)?
1
Suppose 36 - 168 = -3*p - 3*f, 0 = 3*p - 2*f - 122. Let z = -544 - -563. What is the remainder when p is divided by z?
4
Suppose 10*i - 23 - 67 = 0. What is the remainder when 150 is divided by (-6)/i*372/(-8)?
26
Suppose 0 = -5*u - 16*v + 178 + 44, -86 = -2*u - 5*v. Suppose 5*c = 4*c + 23. What is the remainder when u is divided by c?
15
Let r be (-60)/(-9)*420/(-25). Let y = r - -122. What is the remainder when y is divided by 3?
1
What is the remainder when 1232 is divided by 72 - (25 + (-6 - 6))?
52
Suppose -10 = 2*n, n - 5*n + 1318 = 3*g. Let v = 460 - g. Calculate the remainder when v is divided by 1.
0
Let g(o) = -o**3 - 24*o**2 + 28*o + 126. Let a be g(-24). Let i = -537 - a. What is the remainder when 80 is divided by i?
8
Calculate the remainder when 275 is divided by 1 + 2/7 + 3492/28 + 0.
23
Suppose 5 - 17 = -4*r, 4*q - 3*r - 7 = 0. Suppose -q*a - 4*g + 3*g + 422 = 0, -107 = -a - g. What is the remainder when a is divided by 22?
17
Let y(d) = -2*d**2 + 36*d - 39. Let r be y(17). What is the remainder when 2 - -4 - (-37 - r) is divided by 5?
3
Let v(f) = -5 + 26 + 2*f + 12. Let k be v(-15). Suppose k*n + 84 = 9*n. What is the remainder when 68 is divided by n?
12
Let c = -661 + 685. What is the remainder when 2566 is divided by c?
22
Suppose 4*n - 5*n + 15 = 0. Suppose 357 = t - 4*j, -1101 = -3*t - 19*j + 21*j. What is the remainder when t is divided by n?
9
Suppose -5*a + 91 = 4*q, 3*q - a = 24 + 30. Suppose 0 = -f + j + 22, 985 = -5*f - j + 1119. What is the remainder when f is divided by q?
7
Calculate the remainder when -8 - (-5 - 5558/7) is divided by 259.
14
Suppose -2*o + m + 1360 - 1247 = 0, 5*o = 2*m + 284. What is the remainder when o is divided by 8?
2
Let f = 370 + -336. Calculate the remainder when f is divided by ((-2)/3)/(-1 - (-114)/126).
6
Let j = -78 - -122. What is the remainder when 81 is divided by 693/j*8/3?
39
Let p(u) = u**3 + 4*u**2 + 6*u - 208. What is the remainder when 1781 is divided by p(5)?
42
Suppose -3*t = -r - 148, 25*r + 46 = t + 24*r. What is the remainder when (1 - (-4)/(-6)) + (-212)/(-3) is divided by t?
20
Let i(u) = 121*u + 12. Let s be i(-1). Let a = 164 + s. Calculate the remainder when a is divided by 1.
0
What is the remainder when 361 is divided by (-96)/(18/72 + 3/(-4))?
169
Let h(r) = 5*r**2 + 2*r + 5. Suppose -49 = 91*f - 84*f. Calculate the remainder when h(f) is divided by 34.
32
Let u(h) = 56*h - 3074. Calculate the remainder when 1557 is divided by u(64).
27
Let n(t) = -t**3 + 22*t**2 + 27*t - 84. Suppose -15*k = -149 - 196. Calculate the remainder when 14 is divided by n(k).
6
Let v(b) = b**2 - b. Let c(j) = 2*j**2 - j + 988. Let k(u) = c(u) - v(u). Let f be k(0). What is the remainder when (-1 + f/(-8))*8/(-12) is divided by 17?
15
Let g = 27 + 438. Let f = -454 + g. Calculate the remainder when 438 is divided by f.
9
Let l(z) = 4*z**2 - 11*z + 70. Let p be l(5). Let u = -6 + p. What is the remainder when u is divided by 24?
13
Let l = 91 - 21. Let w = 151 + -104. Suppose w = 3*u - 7. What is the remainder when l is divided by u?
16
Suppose 0 = 53*l - 47*l + 228. Let p(k) = -k**2 - 36*k + 89. Calculate the remainder when 37 is divided by p(l).
11
Let i = -5100 - -5229. What is the remainder when 6062 is divided by i?
128
Let d(g) = 7*g**2 + 6*g + 3. Suppose 16 = f - 5*n, -504*n - 96 = -6*f - 509*n. Calculate the remainder when d(-4) is divided by f.
11
Suppose k - 35 = -5*u - 2*k, 5*k = -2*u + 33. Suppose 5*a + 187 = 3*w + 7*a, -565 = -10*w + 5*a. What is the remainder when w is divided by u?
3
Suppose -d + 205 = 4*d. What is the remainder when 12 + -5 - (71/(-3))/((-6)/(-18)) is divided by d?
37
Let h = -26979 - -27654. What is the remainder when h is divided by 4?
3
Suppose 125 = -5*c + 490. Let b be -4 + 7 - 1*-2. Calculate the remainder when c is divided by ((-1)/3)/(b/(-285)).
16
Let m(t) = t**2 + 4*t - 8. Let d be m(-6). Let c be -2 + d + -1 + 3. Suppose 0*n - c*n + u = -81, -6 = -2*u. What is the remainder when 35 is divided by n?
14
Suppose 4*a - 350 = -10*a. Suppose -a*j + 80 = -5*j. Calculate the remainder when 15 is divided by j.
3
Let m = -47828 + 47873. Let k(d) be the first derivative of d**4/4 - 8*d**3/3 + 9*d**2/2 + 3*d - 1. Calculate the remainder when m is divided by k(7).
11
Let n = 48 - 13. Suppose r = 6*r - n. Suppose -a + 0*a + 18 = 0. What is the remainder when a is divided by r?
4
Suppose -3*b - c = -8*b + 36, 4*c - 16 = 0. What is the remainder when 101 is divided by b?
5
Suppose -6*r = -2172 + 2100. What is the remainder when 96 is divided by r?
0
Let f(w) = -w**3 + 8*w**2 + 14*w - 2. Let c be f(10). Let o = c - -105. Let m(d) = 5*d + 23. What is the remainder when o is divided by m(-4)?
1
Suppose -1041*y - 12970 = -1051*y. Calculate the remainder when y is divided by 118.
117
Let i = 80 - 192. Let g = 73 + i. Let c = g - -55. What is the remainder when 61 is divided by c?
13
Suppose 4*y - 22 = 2*y. Let c(q) = -5*q**2 - 134*q - 18. Suppose 0 = 4*x + 8, -x = -3*a + 7*a + 106. Calculate the remainder when c(a) is divided by y.
9
Suppose -f + 4*f - 3*n + 36 = 0, 36 = -4*f + n. Let t(k) = -5*k**3 - 3*k**2 - 2*k + 1. Calculate the remainder when t(-2) is divided by f/(24/(-15)) - -1*13.
15
Suppose -9*w - 5*w = -630. Calculate the remainder when 47 is divided by w.
2
Let x(l) = 91*l**2 - 79*l**2 + 12 + 5*l - 13*l. What is the remainder when x(2) is divided by 17?
10
Let m = 23 - 143. Let k = m + 99. Calculate the remainder when 4*(0 - k/6) is divided by 4.
2
Let h(m) = 2*m**2 + 7*m - 367. What is the remainder when h(15) is divided by 96?
92
What is the remainder when 2497 is divided by 10/35 + 17/(595/28830)?
25
Suppose 4*k - 120 = -4*l, -32 = -k - 0*k + l. Suppose 2*x - 245 = -3*x + 4*a, -5*x + 2*a = -245. Calculate the remainder when k is divided by 6*x/21 + 3*-1.
9
Let g = -2608 + 2649. What is the remainder when 343 is divided by g?
15
Let n be (-32)/(3*4/30). Let h = 237 + -444. Let b = n - h. What is the remainder when b is divided by 33?
28
Let f(g) = -11*g**2 - 92*g - 150. Calculate the remainder when 345 is divided by f(-6).
3
Suppose 0*n - 6*n + 174 = 0. Let m = 234 + -29. What is the remainder when n is divided by 246/m - 84/(-5)?
11
Let d = 3241 + -3149. Calculate the remainder when 202 is divided by d.
18
Suppose -2*s + 6 = -22. Let p = 5328 - 5247. Calculate the remainder when p is divided by s.
11
Suppose 54 - 198 = -16*x. Calculate the remainder when -4 - (x + 2/(-2))/(-1) is divided by 3.
1
Let h(a) = 3*a**2 + 8*a + 22. Let c(n) = -2*n**2 - 2*n + 2. Let p be c(-2). Let l(d) = 12*d**2 + d - 2. What is the remainder when l(p) is divided by h(-3)?
19
Let u(s) = -s**3 - 13*s**2 - 6*s + 89. Suppose z = -y + 19, 3*z = 2*z + 5*y - 5. Suppose -6*g + z = -3*g. What is the remainder when u(-12) is divided by g?
2
Suppose 96*v = 39*v + 176244. What is the remainder when v is divided by 14?
12
Let s be (15/(-12))/5 - 10682/56. Let f = s + 255. Calculate the remainder 